ose 0 = -q*o - 0*o + 22. What are the prime factors of o?
11
Let t(h) = -h**2 + 5 - 2*h - 6*h + 1 - 2. List the prime factors of t(-7).
11
Let z = 62 + -30. What are the prime factors of z?
2
Let n be (3/6)/(1/4). Suppose 0*b + 105 = n*j - 5*b, -4*b = 3*j - 169. Suppose -4*f - 7 = -j. List the prime factors of f.
2, 3
Let k(j) = -5*j**2 - 6*j + 6. Let f(c) = -9*c**2 - 12*c + 11. Let z(h) = -6*f(h) + 11*k(h). Let a be z(4). Suppose 3*r + r = a. List the prime factors of r.
2
Suppose -3*a + 3*h = -33, -5*h + 1 = 2*a - 0. List the prime factors of a.
2
Let a(k) = -k. Let s be a(-4). Suppose -s*b + 25 = 5*v - 7, 3*b - 3*v - 24 = 0. List the prime factors of b.
2
Let c = 7 - -24. List the prime factors of c.
31
Suppose u + 3*r = 8 + 10, -4*u - 5*r = -86. Let f = u - 11. Suppose -5*l + 53 - f = -2*d, 5*d - 75 = -5*l. List the prime factors of l.
2, 5
Suppose -s + 10*s = 2466. List the prime factors of s.
2, 137
Let n(a) = 8*a**2. List the prime factors of n(2).
2
Suppose 3*j = -0*j - 3, -2*m = -2*j - 6. Suppose -m*r + 2 = -2. Suppose r*v + g = 2*g + 6, -10 = -2*v + 3*g. List the prime factors of v.
2
Let g be 3 - 6/(-2)*-1. Suppose -m = f - 26, -f + m + 16 + 0 = g. Let y = 31 - f. List the prime factors of y.
2, 5
Suppose 0 = -c + b + 6, 18 = 5*c - b. Suppose 0 = -2*l - 4*z + 68, -c*l = 4*z - z - 96. List the prime factors of l.
2, 3, 5
Suppose -11*o + 1835 = -57. List the prime factors of o.
2, 43
Suppose -103 = -5*x + 4*l, x - 9 = 2*l + 8. Let a be ((-64)/10)/((-2)/10). Let m = a - x. What are the prime factors of m?
3
Suppose -5*x - 20 = 0, -4*g + 27 = g - 3*x. Let j be g/((-9)/(-6)) + -14. List the prime factors of 6/21 - j/7.
2
Let w be 4 + 21 - (-1 + 1). Suppose b = 5*t - w, -3*b = 5*t - 8*b - 5. Suppose 3*l = -0*l + t. List the prime factors of l.
2
Suppose 4*n - 32 = -4*y, 0*n - 16 = y - 5*n. Let j be y/10 - 1520/50. Let g = 42 + j. List the prime factors of g.
2, 3
Suppose 5*w + 7 = 4*c + 56, 68 = 4*w + 4*c. Suppose -3*x = -2*r + 10, r + 5*x + 9 = 1. Suppose -5*k + r*s = -w - 10, 3*s = -k + 8. List the prime factors of k.
5
Suppose 7 + 11 = -3*m + 3*o, o = 3*m + 22. Let d(w) = w**2 + 6*w - 1. Let c be d(m). Let h = c - 10. What are the prime factors of h?
5
List the prime factors of -2 - (1 - -13)*(-35)/7.
2, 17
Let x = -63 + 127. List the prime factors of x.
2
Suppose -8*h + 3*h = -25. Let z = -4 + h. Let p(r) = 14*r - 1. What are the prime factors of p(z)?
13
Suppose 5*o - 57 + 12 = 5*t, -t = -2*o + 13. Suppose -o*y + 28 = 2*c, 0 = y - 4*c + 7 - 32. What are the prime factors of y?
3
Suppose u + 21 + 76 = 4*r, -u = r - 23. List the prime factors of r.
2, 3
Let x = 66 + -14. What are the prime factors of x?
2, 13
Let t = 7 - 5. Suppose -2*m + t*c = -4, 4*m + 2*c - 20 = -0. Suppose -10 = -5*x + 3*k, -5*k + m = -21. What are the prime factors of x?
5
Let c be (-4)/(-14) - 33/(-7). Let h = 8 + 0. Let p = h - c. What are the prime factors of p?
3
Let w be (-3)/2*8/(-6). Suppose 4*h + o - 18 = 2*o, w*h - 4*o - 16 = 0. Suppose -32 = -5*i - s, s + h = 1. List the prime factors of i.
7
Let l = -3 + -7. Let x = l + 17. What are the prime factors of x?
7
Let n be 5/(1/(-6)*-2). Suppose -4*c + c = -n. What are the prime factors of c*(0 - -3)/3?
5
Suppose -3*x - 1 = 4*u - 23, x + 4*u = 10. Let i = x - -16. What are the prime factors of i?
2, 11
Suppose 0*j - 4 = -j. Let l be (-14)/18 - (-12)/(-54). Let t = l + j. List the prime factors of t.
3
Suppose -4*m - 19 = -t - 4*t, 4*t - 9 = -3*m. Let h be t + -5 + 4/2. What are the prime factors of (1 - 1) + h + 5?
5
Suppose 0 = -3*p + 9, 5*u - 2*p - 5 + 1 = 0. Suppose l - 1 = -u*q + 80, -l = q - 40. List the prime factors of q.
41
Suppose -8*v + 2*b + 468 = -4*v, -3*b - 587 = -5*v. What are the prime factors of v?
5, 23
Suppose -4*x = -8 - 12. Suppose -a + 0*f + 9 = -2*f, x*a + 4*f = 31. List the prime factors of a.
7
Suppose 5*x - 9 - 11 = 0. Suppose -3*v + 2*y + 13 = -0*y, x*y - 2 = 2*v. Suppose -1 = 2*h - v. List the prime factors of h.
3
Suppose 2*v = -2*p + 72, -3*v + 198 = 2*v - p. What are the prime factors of v?
3, 13
Let k be (1 + -2)/((-6)/102). Suppose 4*u - 93 + k = 0. What are the prime factors of u?
19
List the prime factors of -1 + 1 + 1*-1 + 387.
2, 193
Let v = -5 - -11. Let f = v - 4. Suppose 6*q = f*q + 28. What are the prime factors of q?
7
Let h(i) = -14*i + 3. Let v be h(2). Let g = -5 - v. List the prime factors of g.
2, 5
Let o be 1*-2*(-1)/1. What are the prime factors of 26/2 + -4 + o?
11
Suppose 122 = 3*y - 7. List the prime factors of y.
43
List the prime factors of 8/(-6) - (-805)/21.
37
What are the prime factors of (64/(-12) + 3 + 3)*36?
2, 3
Suppose -5*w = -24 + 9. What are the prime factors of 4/w*15/2?
2, 5
Let l(a) = -a**2 - 6*a + 11. Let b be l(-8). What are the prime factors of b*(-4)/50*75?
2, 3, 5
Suppose 0*k = 2*k - 5*n - 18, 0 = -3*k + 2*n + 5. Let c be (k - (2 - 1)) + 0. List the prime factors of (-14 + -2)*c/2.
2
Suppose 2*w + n - 41 = 0, -2*w - w + 3*n + 75 = 0. List the prime factors of w.
2, 11
Suppose 2*u + 3*f - 25 = 6*u, -3*f + 9 = 0. Let a = u - -8. What are the prime factors of a?
2
Suppose 0 = -19*z + 517 + 5069. What are the prime factors of z?
2, 3, 7
Let s(z) = -z - 1. Let r be s(-4). Let p be (-1 + 1)/((-40)/(-20)). Suppose -r*t + 18 = 4*f - f, t - 3*f - 10 = p. What are the prime factors of t?
7
Suppose -5*h + 22 = 7. Suppose 0 = 2*w - h*w - 1. List the prime factors of w/(-2)*1*6.
3
Suppose -60 = -3*t + t. Let x = -17 + t. List the prime factors of x.
13
Suppose 2*f = -0*f + 16. Suppose -4*c = -100 + f. Suppose 3*i + c = 2*a + 5, -2*i + 16 = a. What are the prime factors of a?
2, 3
Let k(o) = -o**2 - 3*o + 5. Suppose 4*u = -2*v - 22, -4*v + 3 = -2*u + 7. Let q be k(u). Suppose -i - 5*h = 18, i = 4*i + 4*h - q. List the prime factors of i.
7
Suppose -9*x + 15 = -4*x. Suppose 5*b + 34 = x*m, m + 2*m - 14 = b. Suppose 0 = -m*t + 4*f + 28 + 8, 12 = t - 4*f. List the prime factors of t.
2, 3
Suppose 3*f = 5*p + 37, -2*f - 5*p - 16 = 1. Suppose -6*n = -f*n - 20. Let b(o) = -o**3 + 11*o**2 - 8*o - 6. List the prime factors of b(n).
2, 7
Let o(v) be the second derivative of v**5/20 - v**4/3 - v**3/2 + v. List the prime factors of o(5).
2, 5
Suppose 172 = 5*k + 22. Suppose -k - 70 = -4*w. What are the prime factors of w?
5
Let b be 240/(-5)*11/(-3). Suppose -4*k = -4*s + b, -s + 19 = k - 29. List the prime factors of s.
2, 23
Suppose -14 = -5*s + 6. Suppose f + 0*f = s. Suppose 2*p - f*p = -26. What are the prime factors of p?
13
Let u(z) = 5 - 4 - 5*z + z. Let g be u(-1). Let j = g + 0. What are the prime factors of j?
5
Let t = -7 + 18. Let n be -2 - 1/(-1)*5. Let m = t - n. List the prime factors of m.
2
Let a = 10 + -15. List the prime factors of 304/10 + 2/a.
2, 3, 5
Let b = 7 - -14. What are the prime factors of b?
3, 7
Suppose -2*f = -3*y + 2*f - 36, 2*y - 4*f = -24. Let l be 8/6 - (-4)/y. Suppose 5*v + 5*j = 40, l = -v + j + 7. List the prime factors of v.
7
Let d(t) = t**2 + 3*t + 5. Let h(y) = 2*y + 7. Let j be h(-6). Let w be d(j). Let n = w - 6. What are the prime factors of n?
3
Let i be (-9)/6*(-40)/(-6). List the prime factors of (-2)/(-5) - 106/i.
11
What are the prime factors of 1/(-2 - 0)*-76?
2, 19
Suppose -5*k + 30 = -7*k. Let b = 45 + k. What are the prime factors of b?
2, 3, 5
Let t(r) = 9*r**2 + 3*r - 8*r**2 - 3 + 5. Let y be t(5). Let m = -25 + y. List the prime factors of m.
17
Suppose -2*b - 3 = -63. List the prime factors of b.
2, 3, 5
Let t(r) = 39*r**2. What are the prime factors of t(1)?
3, 13
Let w(s) = -s - 7. Let k = -166 - -236. Suppose 2*q + 4*i + 40 = 0, -3*q - 2*q - 4*i = k. List the prime factors of w(q).
3
Suppose -2*h - 70 = -4*b, 2*b + 4*h = 6*b - 68. Suppose -3*x = -42 - b. What are the prime factors of x?
2, 5
Suppose n - 3*s = -2*n + 12, -17 = -3*n + 4*s. Let c(x) = -10*x**3 + x + 1. What are the prime factors of c(n)?
2, 5
Suppose 2*q + 2*w = 8, -2*w + 7*w - 18 = -4*q. Suppose -5*x - 26 = -1, -2*i = q*x - 84. List the prime factors of i.
47
Let k = 5 + -1. Suppose -1 - k = -j - o, -4*j = o - 14. What are the prime factors of j?
3
Let b = -32 + 5. Let p = 9 - -32. Let r = p + b. List the prime factors of r.
2, 7
Suppose -t - 1628 = -5*t - 4*j, 2*t - 5*j - 814 = 0. What are the prime factors of t?
11, 37
Let s(m) 